 = -136, 4*o - 73 = -2*u + 63. What is the remainder when o is divided by 12?
10
Let f = -219 + 687. What is the remainder when f/4*4/6 is divided by 20?
18
Let g(i) = i**3 - 7*i**2 - 6*i - 3. Calculate the remainder when g(8) is divided by (-6)/27 - (-222)/27.
5
Calculate the remainder when 24 is divided by -4*1*(-26)/8.
11
Suppose -2*s + 46 = 3*r, -r + 5*r - 4*s - 48 = 0. What is the remainder when ((-12)/(-30))/2 + 134/5 is divided by r?
13
Suppose 4*z + 12 = 3*y, 5*y + 0*z - z = 20. Suppose 0 = y*b - b - 18. What is the remainder when 17 is divided by b?
5
Suppose 9*b - 55 = -3*v + 7*b, 0 = 2*v + 4*b - 50. What is the remainder when 102 is divided by v?
12
Let q = 9 + 21. What is the remainder when 118 is divided by q?
28
Suppose 0 = -3*n + 4*n + 288. What is the remainder when 47 is divided by (1/(-3))/(8/n)?
11
Let w = 29 - 4. Suppose 0 = -2*b - 4*m + 27 + 3, 5*b - 110 = -3*m. What is the remainder when b is divided by w/2 + 1/2?
12
Suppose 7*f = -13*f + 800. What is the remainder when 117 is divided by f?
37
Suppose -r + 28 = 3*r. Let w = -17 - -35. What is the remainder when w is divided by r?
4
Suppose -117 = -j - 23. What is the remainder when j is divided by 24?
22
Suppose 0 = 4*c - 30 - 10. What is the remainder when (c/(-3))/((-1)/3) is divided by 14/(-21) + (-28)/(-6)?
2
Let r = 1 + -16. What is the remainder when 5 + (-5)/(r/9) is divided by 3?
2
Calculate the remainder when 38 is divided by -3 + 20 + 8/(-2).
12
Let m = 3 + 0. Let k be (0 + -1)/(2/4). Let r = 9 + k. What is the remainder when r is divided by m?
1
Suppose -3*u = -3*v, 0*v - 5*v + 32 = 3*u. Suppose -3*z = 3*d - 15, 2*z - 4*d + 5 = -d. What is the remainder when u is divided by z?
0
Suppose -4*x + 28 = -3*i, 8*x - 3*i = 3*x + 32. Let q be (-20)/8 - 3/(-2). Calculate the remainder when -1*(7 - 1)*q is divided by x.
2
Suppose b = 7 - 1. What is the remainder when -2 + 20 + 1 + 3 is divided by b?
4
Suppose 5*y - 102 = b, -3*y - 4*b = -22 - 53. Calculate the remainder when y is divided by (5 - (0 + 4))*11.
10
What is the remainder when 0 + (-3 - 0) + 47 is divided by 12?
8
What is the remainder when 4 is divided by -1*1*(-14 - -11)?
1
Suppose -21 = -5*r - 1. Suppose -2 = -2*w - 4*m, 0 = 4*w + 2*m - 14 - 20. What is the remainder when w is divided by r?
3
Let b = -46 - -77. Calculate the remainder when 153 is divided by b.
29
Suppose -3*o = -19 + 4. Let d be 1/(-1) + (-5)/o. Let u = 17 - d. What is the remainder when u is divided by 10?
9
Suppose -3*w + 3*k + 93 = 0, -w = -4*k + 7 - 29. Let m = 39 - 37. What is the remainder when w is divided by m*((-3)/(-2) + 3)?
7
Let x be (-8 + 4)/(2/6). Calculate the remainder when 33 is divided by (-17)/(-102) - 142/x.
9
Let l = -44 - -46. What is the remainder when 12 is divided by l?
0
Suppose -22 - 4 = 3*d - 5*a, 0 = 4*d + 2*a. What is the remainder when 15 is divided by (-9)/d - 2/4?
3
Let i(t) = -12*t + 2. Let p be i(1). Let v = p + 19. What is the remainder when 43 is divided by v?
7
What is the remainder when 66 is divided by 5/((-180)/(-8)) - 356/(-18)?
6
Let l be 7/35 + 38/10. Suppose -l = -g + 21. What is the remainder when 98 is divided by g?
23
Let o = -47 + 51. Calculate the remainder when 7 is divided by o.
3
Let v(w) = 6*w - 7. Let t be v(6). Suppose -d = -t - 0. What is the remainder when d is divided by 15?
14
Suppose 96 = 4*o + 4*w - 116, -o - 5*w = -65. What is the remainder when o is divided by 17?
16
Suppose -2*i + 0*t = 3*t - 26, 8 = 2*t. Calculate the remainder when 27 is divided by i.
6
Let w = 7 + -2. Let i be ((-4)/(-6))/((-1)/(-6)). Suppose 34 = -i*f + 110. What is the remainder when f is divided by w?
4
Let s(f) = -f**3 + 6*f**2 + f - 5. Let x be s(6). Suppose q - 2 + x = 0. Suppose -2*p + 3 + q = 0. Calculate the remainder when 2 is divided by p.
0
Let v(y) = -y - 2. Let r(h) = -h - 3. Let b(n) = -2*r(n) + 3*v(n). Suppose q - 29 = -l, 41 = 2*q - 4*l - 17. What is the remainder when q is divided by b(-8)?
5
Suppose -3 = -3*o + 3. Suppose -o*x = 2 - 6. Suppose -5 = -s - d, 2*d + x*d - 8 = 2*s. What is the remainder when 4 is divided by s?
0
What is the remainder when 83 is divided by (-14)/(2/(-4)*1)?
27
Suppose -20 = 2*u - 4*d, -4*u - d + 5 = -0*d. Let t = 85 - 39. Suppose u = -5*v + 20, l + 2*l - t = 5*v. Calculate the remainder when l is divided by 8.
6
Let k(b) = -b**2 - 5*b - 9. Let c be k(-6). Let i(y) = -y**2 - 11*y - 9. Let v be i(-10). Calculate the remainder when 6*v*c/(-10) is divided by 5.
4
Let y = 18 + -4. Let p = 7 - 5. Calculate the remainder when (35/y)/((-2)/(-4)) is divided by p.
1
Suppose 0 = 2*i + 2*c + 28, 0 = 4*i + 3*c - 0*c + 57. Let p(h) = -h - 9. What is the remainder when p(i) is divided by 3?
0
Suppose -4*d = d + 25, -u - d = -34. What is the remainder when 155 is divided by u?
38
Suppose -a + 2*a = -1. Let o be (2 - a)/((-6)/(-10)). Let x = o + 3. Calculate the remainder when 23 is divided by x.
7
Let a be (9 + (1 - 2))/1. Suppose -2*k + a = -k. Suppose 0*f - 15 = -f. What is the remainder when f is divided by k?
7
Let c = -1 + 1. Suppose 4*d - 2*d + 10 = 0, -30 = 5*h + 3*d. What is the remainder when 58 is divided by 40/(-6)*h + c?
18
Let l(f) = f + 1. Let s be l(4). Suppose 0 = q - 8 + 4, 0 = -x - s*q + 23. Suppose 0*k - 48 = -x*k. Calculate the remainder when 31 is divided by k.
15
Let f(a) = -a**2 + 11. Let w be f(0). Let r = w - 8. Suppose 57 = 5*o - 5*t - 28, r*t - 5 = -o. What is the remainder when o is divided by 5?
4
Suppose -5*m - 3*t + 6 = -62, 16 = -4*t. Suppose 90 = -3*g + 5*g. What is the remainder when g + (-2 - -1) + 2 is divided by m?
14
Suppose -2*j + 4*a = 2*j - 28, -20 = 4*a. Suppose -5*p = 3*k - 53, p + j*p + 43 = 5*k. Calculate the remainder when 43 is divided by k.
10
Let a(z) = z**2 + 7*z + 6. Let d be a(-6). Suppose -g - 28 = -s, -s - 4*g + 17 + 36 = d. What is the remainder when s is divided by 17?
16
Let z(u) = 4*u**2 - u + 3. Calculate the remainder when 43 is divided by z(0).
1
Suppose 4*m + 28 = -148. Calculate the remainder when 64 is divided by m/(-6)*(-3 - -6).
20
Suppose -3*u = u + 16. Let d(m) = m**2 + 2*m - 4. Let l be d(u). Suppose l*s = 2*p + 6, 5*s - 3*p = -0*p + 7. What is the remainder when s is divided by 2?
0
Let f = 21 - 13. Suppose -4*q = b + 9, -2*b - 3*b + 3 = 4*q. Calculate the remainder when f is divided by b.
2
Let s = 47 - 28. Calculate the remainder when (-220)/((-12)/3) - 0 is divided by s.
17
Let q(l) = -4*l + 1. Calculate the remainder when -4 - (5/(-5))/(2/90) is divided by q(-5).
20
Let j be 16 + (1 - 0 - 1). Let z = j + -10. What is the remainder when 23 is divided by z?
5
Let d = -16 + 33. What is the remainder when 65 is divided by d?
14
Let k = 2 - 1. Suppose -26 = -4*g + 2*r, 4*g = -g - 2*r + 19. What is the remainder when g is divided by 0 - -1 - (0 - k)?
1
Suppose 3*k + 12 = 6*k. Suppose k*t = 3*t + 7. What is the remainder when (-2 - 2)/(-8) - (-37)/2 is divided by t?
5
Let d be (6/(-4))/(12/(-40)). Suppose 2*o - d = 49. Calculate the remainder when o is divided by 10.
7
Let s = 5 + 0. Let r = s + 7. Suppose -74 = -4*t + 18. What is the remainder when t is divided by r?
11
Suppose 0*c + 45 = 3*c. What is the remainder when c is divided by 6?
3
Suppose 0 = 3*c - 11 + 2. Suppose c*x = 22 + 95. Calculate the remainder when x is divided by 20.
19
Suppose 0 = -a - 2 + 18. Suppose 0 = m + m - 8. Suppose 0 = 2*o - m*o + a. What is the remainder when 15 is divided by o?
7
Suppose 5*s = 3*h + 484, 5*s + 5*h - 500 = -0*s. What is the remainder when s is divided by 25?
23
Suppose -2*w - 2*w + 104 = 0. Let i = -23 + w. What is the remainder when 10 is divided by i?
1
Suppose 5*w + 0*w = -2*n + 127, 0 = -3*n - 2*w + 163. Calculate the remainder when n is divided by 18.
15
Suppose -5*d + 22 = -88. Suppose -4*q - 2 = -d. What is the remainder when 6 is divided by q?
1
Let g(l) = -l**3 + 18*l**2 - 18*l + 25. Let b(k) = 20*k + 1. What is the remainder when b(1) is divided by g(17)?
5
Calculate the remainder when (-1)/(4/448*-2) is divided by 19.
18
Let v(x) = 4*x + 38. What is the remainder when 63 is divided by v(-8)?
3
Let l(w) = 4*w**2 - 3*w - 4. Let m be l(3). Suppose -3*k + 110 - m = 0. Suppose 0 = -4*u + 27 + 13. Calculate the remainder when k is divided by u.
9
Suppose 0 = 3*h - a - 129 + 48, -4*h + 2*a + 108 = 0. Wha